uppose 0 = 3*y + 5*w - 0*w - 67, 0 = 5*y - 4*w - 50. Let d = -9 + y. Calculate the remainder when 9 is divided by d.
4
Let c(q) = -q - 2. Let w be c(-2). Suppose -5*n + w*n = -110. Calculate the remainder when 64 is divided by n.
20
Suppose -2*o + 14 = -36. Suppose -o = 4*f + 3. What is the remainder when (-2)/f + 243/7 is divided by 12?
11
Calculate the remainder when 24 is divided by (-1 - 171/(-12)) + 1/(-4).
11
Let l be (5 - (-2 - -4)) + 1. Suppose n = l*n - 48. What is the remainder when 45 is divided by n?
13
Suppose 3*g - 6*g = 3. Let l = g + 1. Suppose m + l*m - 10 = 0. What is the remainder when 19 is divided by m?
9
Suppose 5*w - 10 + 200 = 0. Let r = w - -53. What is the remainder when 44 is divided by r?
14
Let r(s) = 3*s - 23. Let h be r(7). Suppose 0 = d - 0*d - 16. What is the remainder when d is divided by (h + 32/10)*5?
4
Suppose -2*o = 2*o + 8. Let d be 96/(-18) - o/6. What is the remainder when 2 is divided by (2/(-6))/(d/30)?
0
Let b(a) be the third derivative of a**4/8 - 7*a**3/3 + 3*a**2. Suppose 5*n - 38 = -2*v + 6, n = 4. Calculate the remainder when b(12) is divided by v.
10
Let m = -444 + 1104. Suppose 4*q + 4*j - m = 0, -2*q = -q - 2*j - 180. Calculate the remainder when q/8 - (-3)/4 is divided by 8.
6
Let d(f) = 5*f - 6. Calculate the remainder when d(7) is divided by 11.
7
Let o be (-1)/(0 + (-3)/9). Let d(a) = -4 + 6 - o*a + 5*a**2 - 4*a**2 + 3. Calculate the remainder when 15 is divided by d(4).
6
Let b(j) = j**2 + 5*j - 7. Let n be b(-6). Let l = 102 + -61. What is the remainder when l is divided by n*4*14/(-4)?
13
Suppose 0 = -5*t - 4*c + 9, -2*c + 3 = t - 0. Let u be 0/(-4) + t + 1. Let w = u + 5. Calculate the remainder when 13 is divided by w.
6
Let v(b) = b + 6. Let s be v(0). Suppose -z + 10 = 3*j, 3*j + 0 = -3*z + s. Let i(y) = y**2 + y + 3. What is the remainder when j is divided by i(0)?
1
Suppose -4*c = 2*c - 126. Calculate the remainder when 79 is divided by c.
16
Let s(l) = -3 - 4 - 8*l + 3 - 2. What is the remainder when s(-7) is divided by 13?
11
Suppose 2*s = 2, 0 = 3*z + z + 5*s - 153. Let u(i) = -i**3 + 2*i**2 - i. Let y be u(2). What is the remainder when z is divided by 13*(0 + y/(-2))?
11
Let g = 2 + -2. Suppose 3*v - 4*l = -2 - g, v = -3*l + 21. What is the remainder when 49 is divided by ((-2)/v)/((-6)/306)?
15
Suppose -6*y = -5*y - 2. Suppose -5*d + 1 + 4 = -2*t, -4*d - 13 = -5*t. Calculate the remainder when d is divided by y.
1
Let y be 16/6*12/(-4). Let l = y - -28. Calculate the remainder when 38 is divided by l.
18
Let q be (206/4)/(1/2). Suppose q = 2*w - 127. Let t = w + -56. Calculate the remainder when t is divided by 20.
19
Suppose -3*a - 2*z + 26 = 2*z, -3*a + z + 1 = 0. What is the remainder when 27 is divided by (a/3)/(2/21)?
6
Let f = -74 + 51. Let p = f + 32. What is the remainder when 34 is divided by p?
7
Let w(d) = -22*d**3 - d - 1. Calculate the remainder when 85 is divided by w(-1).
19
Suppose 30 = 3*x - 0. What is the remainder when 29 is divided by x?
9
Suppose 4*q - 58 - 30 = 0. Calculate the remainder when q is divided by (-18)/(6/(-4)*1).
10
Suppose -5*g - 4*i + 0 - 1 = 0, -5*g = -5*i - 35. Let b be (2 - (g - -7))*-2. Let m = b - 0. Calculate the remainder when 46 is divided by m.
14
Suppose -5*j + 15 = -0*j. Suppose 7 = j*c - 26. Suppose -87 = -3*i - 2*l, 3*i + l = -15 + 105. Calculate the remainder when i is divided by c.
9
Let v(j) = -11*j - 3. Calculate the remainder when 56 is divided by v(-2).
18
Suppose -3*c = h + 8, 2*c + 2*h + 10 = -h. Suppose -54 = -4*o - 2*j, 0*o + 5*j + 45 = 5*o. Calculate the remainder when -1 - 72/(0 + c) is divided by o.
11
Suppose 0 = -v + 2*v + 5, -2*v + 160 = 2*f. Suppose -2*p - f = -7*p. What is the remainder when p is divided by 9?
8
Suppose 5 = -5*a + 35. What is the remainder when 15 is divided by a?
3
Let h(l) = l**2 - 8*l. Let y be h(8). Suppose 0 = 3*d - y*d. Suppose -s + d + 1 = 0. What is the remainder when s is divided by 1?
0
Calculate the remainder when 3*(-4)/30 - (-4460)/25 is divided by 10.
8
Suppose -4*m + 2*m + 34 = 0. What is the remainder when (-4)/18 + (-1248)/(-27) + 4 is divided by m?
16
Let t(i) = i**3 - i + 8. Let m be t(0). Suppose m = -2*w, -3*y = 5*w - 47 + 10. Calculate the remainder when 55 is divided by y.
17
Let o be 2/4*-2 + 3. Let v(u) = -u**3 - 2*u - 1. Let x be v(-1). What is the remainder when x + -6*(-5)/o is divided by 6?
5
Let a = -21 + 56. What is the remainder when 67 is divided by a?
32
Let y(x) = -30*x - 6. What is the remainder when y(-1) is divided by 10?
4
Let z(a) = a**3 + 5*a**2 - 9*a - 9. Let l = 31 + -8. Calculate the remainder when l is divided by z(-6).
5
What is the remainder when 61 is divided by 40/5 + -1 + 1?
5
Let d = 74 - 62. Calculate the remainder when 41 is divided by d.
5
Suppose 5*c + 4*q - 21 = 16, 0 = -4*c - 2*q + 26. Calculate the remainder when 8 is divided by c.
3
Suppose 0*g + 152 = 4*g. What is the remainder when g is divided by (-19)/(-2) + (-3)/18*-3?
8
Let g = 9 + -5. Let a = 4 + -7. What is the remainder when g is divided by ((-8)/6)/(2/a)?
0
What is the remainder when 8/((-32)/3)*-72 is divided by 8?
6
Let n be (-2)/(0 + 1) + 3. Calculate the remainder when 15 is divided by 4*n*(1 - -1).
7
Suppose -2*k - 4*n + 44 = -7*n, -5*k = -4*n - 103. What is the remainder when (-2)/(-1) - (1 - k) is divided by 7?
6
Let c(f) = -5*f + 5. Suppose 3*a = v + 2*a + 9, -v - 2*a = 0. Calculate the remainder when c(v) is divided by 12.
11
Suppose -3*k + 16 = -4*x - 1, k + 5 = 4*x. Calculate the remainder when 42 is divided by k.
9
Let d = 176 + -48. Suppose -28 + d = 2*m. What is the remainder when m is divided by 17?
16
Suppose -3*l = -5*z + 77, -3*z + 4*z + 2*l = 5. Suppose -8*p + 20 = -6*p. Let d = 48 - p. Calculate the remainder when d is divided by z.
12
Suppose -93 - 267 = -10*o. Calculate the remainder when 106 is divided by o.
34
Suppose -6 = -5*d + 4. Let i = 2 + 0. Suppose -i*r - r = -15. What is the remainder when r is divided by d?
1
Suppose -117*g + 18 = -115*g. Calculate the remainder when g is divided by 5.
4
Suppose -5*m - 2*r = r - 1, -m + 9 = 5*r. Let x be 3 + m/(-2)*-2. Suppose -x*j = -4*j + 52. What is the remainder when j is divided by 14?
12
Let t = 17 - 26. Let o = t - -15. What is the remainder when 9 is divided by o?
3
Let l be 2/(-4)*(2 + -2). Suppose -g = g + b - 22, l = 5*b - 20. Suppose 4 + 12 = f. What is the remainder when f is divided by g?
7
What is the remainder when 94 is divided by (-4589)/(-169) + (-4)/26?
13
Let w(m) = 5*m - 2. Calculate the remainder when 13 is divided by w(2).
5
Let l(f) = -f**3 - 7*f**2 + 6*f + 4. Let b be l(-8). Suppose 2*c - b - 18 = 0. Calculate the remainder when c is divided by 7.
5
Suppose s = -4*s + 670. Let k be (-6)/(-9) - s/(-6). Let g = -9 + k. What is the remainder when g is divided by 5?
4
Suppose 0 = -4*r + 6*r + 12. Let g = r - -8. Calculate the remainder when g is divided by 1.
0
Suppose 38 = x - 0*x + 5*z, 5*z = 25. Suppose 59 = 2*a + x. Calculate the remainder when 44*((-4)/1)/(-4) is divided by a.
21
Let o(k) be the third derivative of -k**5/60 + 5*k**4/12 + k**3 - k**2. Let q = 11 + 6. Calculate the remainder when q is divided by o(10).
5
Let s(k) = 3*k**3 - 6*k**2 + 8*k - 2. What is the remainder when s(3) is divided by 13?
10
Let r = 0 + -3. Let i be (19 - -1)*r/(-2). Let p = i + 11. What is the remainder when p is divided by 14?
13
Let l = 3 - 7. Let u(n) = 2*n + 4. Let p be u(l). Let w = 0 - p. Calculate the remainder when w is divided by 3.
1
Let t = 28 + -19. Let j = 19 + 7. What is the remainder when j is divided by t?
8
Suppose 4*b - 60 - 264 = 0. What is the remainder when b is divided by 7?
4
What is the remainder when -1 + 2 - (14 + -77) is divided by 22?
20
Let i(f) = -f**3 - 2*f**2 + 10*f + 2. What is the remainder when i(-7) is divided by 36?
33
Let n = 11 - 19. Let x(a) = 2*a**2 + 12*a + 2. What is the remainder when x(n) is divided by (-8)/((-1)/(3/2))?
10
Suppose -w = 11 - 99. Suppose -b - 3*b + w = 0. Suppose 0 = 3*v - 4*i - 49, -2*i - b = -2*v + 8. Calculate the remainder when v is divided by 4.
3
Let b(q) = q**2 - 4. Suppose 0 = h - 2*h + 18. Suppose h = 4*w - 2*w. Calculate the remainder when w is divided by b(-3).
4
Suppose 4*z + b - 13 = 0, -3*z = -2*b + 6*b - 26. Suppose 